r of x and 77.
11
Let s = 58 - -7. Calculate the highest common divisor of s and 13.
13
Let y = -2 + 1. Let g be 3*(11/3 + y). Suppose 4*w = 5*w - 1. Calculate the highest common factor of w and g.
1
Let z = 25 - -28. Let v = z + -2. What is the highest common factor of v and 17?
17
Let c = -16 + 26. Calculate the highest common factor of 30 and c.
10
Let a(l) = 21*l + 1. Let r be a(6). Suppose -5*n - r + 452 = 0. Calculate the highest common factor of n and 13.
13
Let w be ((-6)/4)/(6/(-80)). Suppose -8*j - 41 = -121. Calculate the greatest common factor of j and w.
10
Suppose 3*p + 0 = 12. What is the greatest common divisor of p and 36?
4
Suppose -5*w + 7 + 5 = -d, -3*d - 2*w = -32. Calculate the highest common factor of d and 104.
8
Suppose 5 + 7 = 4*a. Suppose -243 = -a*s + 72. What is the highest common divisor of 21 and s?
21
Suppose -2 = 5*f - 102. What is the greatest common factor of 50 and f?
10
Let u be (-2 - (-6)/15)*-5. Suppose -r = -2*r + u. Suppose -24 - 154 = -2*v + 2*c, 4*c - 260 = -3*v. Calculate the greatest common divisor of v and r.
8
Let l be (1 - -106)/(4 + -3). Suppose l - 283 = -4*s. Suppose s = 3*v - 2*v. Calculate the highest common divisor of v and 4.
4
Let f = 23 + -41. Let r be (-21)/7 + (-1 - f). What is the greatest common factor of r and 7?
7
Suppose 26 = -2*i + 5*r, -i - 4*i - 3*r - 3 = 0. Let q = i + 5. Calculate the highest common divisor of 1 and q.
1
Suppose -13*m = -1570 + 140. Calculate the greatest common divisor of 22 and m.
22
Let o be (0 + 1)/(2/18). Let r be (-2)/o + 16/(-9). Let d be 58/3 + r/6. Calculate the greatest common factor of 171 and d.
19
Suppose 2*s + 36 - 14 = 0. Let w = s + 27. What is the greatest common divisor of 4 and w?
4
Let s be 1/(-2) + (-42)/(-12). Suppose -73 = -s*g + 125. Calculate the highest common divisor of g and 6.
6
Let a be (-1*2 + 7)/1. Suppose -a + 2 = -u. Suppose -5*g - 4*t + 3*t = -40, u*g = -5*t + 24. What is the greatest common factor of g and 64?
8
Let j be 340/1 - (6 + -10). Calculate the highest common divisor of 43 and j.
43
Let a = -49 + 89. Suppose -3*t - 33 = -3*k, 2*t - 3*k + 26 = k. Let w be (-47)/(-9) + 2/t. Calculate the highest common divisor of a and w.
5
Let b(n) = -n**2 - 9*n - 7. Let i be b(-10). Let x = 3 - i. What is the highest common divisor of x and 100?
20
Suppose 3*n = 2*n + 5. Suppose -g = -n*g. Suppose g*j + 50 = 5*j. What is the highest common divisor of 40 and j?
10
Let c(r) = -r**3 + 7*r**2 - 5*r - 5. Let k be c(5). Calculate the greatest common divisor of 16 and k.
4
Suppose 3*o - a = -0*a + 48, 4*o - 2*a = 66. Calculate the highest common divisor of o and 75.
15
Let k(u) = 5*u - 4*u**2 - 2*u**2 - u**2 + 9 + u**2 + u**3. Let j be k(5). Let z(o) = -20*o + 3. Let l be z(-3). What is the greatest common divisor of l and j?
9
Let m = 8 + 3. Let n = 21 + -10. Calculate the highest common factor of n and m.
11
Let h be 6/(-12)*54*-1. Calculate the highest common divisor of h and 18.
9
Let j(a) = a - 2. Let w be j(11). Let n(m) = m**2 - 7*m + 6. Let u be n(w). What is the highest common factor of u and 72?
24
Suppose 0 = -10*d + 18*d - 192. What is the greatest common divisor of 12 and d?
12
Let m(d) = d**2 + 7*d + 6. Let x be m(6). Let h(w) = 2*w**2 - 16*w - 6. Let c be h(9). What is the greatest common divisor of x and c?
12
Let k = -66 - -94. Suppose -2*g + 7*g + 30 = 0. Let c = g - -10. Calculate the greatest common divisor of k and c.
4
Let b = 2 - -1. Suppose b*k - 15 = -0*k. Calculate the greatest common divisor of 20 and k.
5
Suppose -3*p - 36 = -3*v, -2*p = -4*v - 3*p + 63. Let y be v + 4/(4/(-3)). Suppose -g = q - 0*q - 3, 3*q + y = 0. What is the highest common factor of 49 and g?
7
Let x(n) = n**3 + 9*n**2 - 2*n. Let h be 2 + 3/(-1) + -3. Let q be x(h). Calculate the highest common divisor of q and 22.
22
Suppose 0 = -3*q + 7*q - 32. Suppose 0 = -5*k - 3*u - 0*u - 26, 0 = 3*k - u + 10. Let x be ((-12)/18)/(k/6). Calculate the highest common divisor of x and q.
1
Let m(l) = -l + 12. Let i be m(0). Calculate the highest common divisor of i and 60.
12
Let k(w) = -4*w**2 - 2. Let t be k(2). Let j = -8 - t. Let v = 11 + 59. Calculate the greatest common factor of j and v.
10
Let k(p) = 2*p**2 - 9*p - 7. Let b = 14 - 7. Let a be k(b). Calculate the highest common divisor of a and 4.
4
Let h = 19 + -8. Suppose 0 = -3*m + 4*l + 56, 2*m - h + 2 = -3*l. Calculate the highest common factor of m and 12.
12
Suppose 5*k = k + 80. Calculate the highest common divisor of k and 20.
20
Let w = -5 - -28. Suppose 16 + w = 3*m - g, -5*g + 43 = 2*m. Let i(q) = 21*q**2. Let p be i(-2). Calculate the highest common factor of m and p.
14
Suppose 0*c = 4*c. Suppose c*p - 2*p + 2 = 0. Let s be -4*p*(-2)/2. What is the greatest common factor of 44 and s?
4
Suppose -4*g + 3655 = -5*t, -3 = -2*t + 3*t. Suppose 16*b - 11*b - g = 0. What is the greatest common factor of 26 and b?
26
Let t be 4/(-3)*(-6)/4. Let v(h) = 7*h - 9. Let s be v(2). Calculate the highest common divisor of t and s.
1
Let t(x) = -6*x**2 - x + 1. Let z be t(1). Let o be 2/3 + (-38)/z. What is the highest common factor of o and 1?
1
Suppose -2*j = z - 18, -5*z + j + 95 = -50. Calculate the greatest common divisor of z and 14.
14
Let h = 28 + 5. What is the greatest common factor of h and 22?
11
Suppose -s - 24 = -3*s + 2*y, 12 = 3*y. Calculate the highest common divisor of s and 4.
4
Suppose -2*m + m = -3. Let q be (126 - (0 + m)) + -2. Calculate the highest common factor of 11 and q.
11
Let m be 4 - 1 - 1 - 0. Suppose m*b + 18 = 2*k - k, 48 = 5*k + 4*b. Calculate the greatest common divisor of k and 18.
6
Let h = -51 + 67. What is the highest common divisor of h and 8?
8
Let s be (-4)/(-72)*4 + 565/9. Calculate the greatest common factor of 7 and s.
7
Let s be (96/72)/(((-2)/(-24))/1). Calculate the greatest common factor of s and 32.
16
Suppose -5*f - 5*t + 15 = 0, 13 = 5*t + 3. Let m be 0/(3/3) - -2. Suppose m*y + 2 = 10. What is the greatest common divisor of y and f?
1
Suppose -k + 6*k + 4*w - 72 = 0, 30 = 2*k + 2*w. Suppose 5*q - 3 = -3*j + 11, -4*q + 20 = -2*j. Calculate the highest common factor of k and q.
4
Let d(y) = 11*y + 14. Let c be d(7). What is the greatest common factor of c and 13?
13
Let z = -3 + 7. Suppose -5*n - 5 = -5*x, 8 + 1 = z*x + n. Suppose -x*u = -7*u + 55. What is the greatest common factor of 88 and u?
11
Let m = -940 + 1336. Calculate the highest common divisor of 36 and m.
36
Let c = -18 - -45. Suppose -13 = -5*y + c. Calculate the highest common factor of 12 and y.
4
Suppose -12 = -5*s + 3. Let b(g) = 0*g**2 + g**s + 0 - 4 + g + 4*g**2. Let l be b(-3). Calculate the highest common divisor of 4 and l.
2
Let o = 22 - -88. Suppose 73 = 4*z - 103. What is the greatest common factor of z and o?
22
Suppose 7*h + 120 = 15*h. Suppose -39 = -4*m + a, -3*m + 25 = -2*a - 8. Let d be (220/6)/(2/m). Calculate the greatest common divisor of d and h.
15
Suppose -5*c = -r + 2*r - 110, 0 = 4*r + 20. Let b(z) = 54*z - 1. Let l be b(3). Calculate the highest common divisor of c and l.
23
Suppose 4*j + 2*j = 924. Calculate the greatest common factor of j and 22.
22
Suppose 11 = c - 5. Let h = c - -6. What is the greatest common divisor of h and 33?
11
Suppose -2*i + 20 + 70 = 0. Calculate the greatest common divisor of i and 5.
5
Let m(p) = 19*p**2 - 1. Let y(c) = c**3 + 5*c**2 + c + 6. Let r be y(-5). Let g be m(r). What is the highest common divisor of 2 and g?
2
Let f(x) = x. Let h be f(-6). Let i = h + 10. Calculate the highest common factor of 16 and i.
4
Suppose -8 = 2*v + 5*b, 2*b + 3 = -5. Let p = -2 + 4. Suppose 4*x = p*k - k + 5, 5*x = 25. Calculate the highest common factor of k and v.
3
Let x = 23 + 43. Suppose 0 = 3*c - 25 + 7. What is the greatest common factor of x and c?
6
Suppose 15*n = 19*n - 164. What is the highest common divisor of 164 and n?
41
Suppose -2*t + 4*p + 120 = 0, -3*t + 109 = -2*p - 55. Calculate the highest common divisor of t and 13.
13
Suppose 4*j - 32 - 40 = 0. Suppose 4*d = d + j. What is the highest common factor of d and 2?
2
Suppose 0 = -5*h - 3*l + 72, 7*l - 60 = -4*h + 4*l. What is the greatest common divisor of 3 and h?
3
Let m(f) be the second derivative of -f**3/6 + 35*f**2/2 + f. Let s be m(0). Let v be 21/2*8/12. What is t